 Let n(l) = 308*l + 198. Let i(g) = 12*a(g) + 17*n(g). Give i(2).
122
Let a(c) = 206*c**2 - 66*c**2 + 3 + 2 - 67*c**2 - 74*c**2 + 3*c. Suppose 0*s - s = 4. Let n = 8 + s. Give a(n).
1
Let b(z) = 27*z**3 + 10*z - 2. Let m(x) = -62*x**3 - 23*x + 6. Let p(v) = 7*b(v) + 3*m(v). Give p(-3).
-80
Suppose -9*n + 11*n = 4*r + 240, 4*n - 60 = r. Let y be (-42)/(-315) - 352/r. Let m(t) = 5*t - 9. Give m(y).
21
Let w(g) = g**2 - g - 14. Let v be ((-108)/(-8))/(-9) - (243/(-18))/9. Determine w(v).
-14
Let f(p) = -41*p - 20*p + 13*p - 17783 + 4*p + 18123. What is f(8)?
-12
Suppose -12 = 4*g + 8. Let c = g + 16. Suppose 5*o + 2*n = -14, -c = -4*n + 1. Let i(x) = x**3 + 4*x**2 - 2*x. Determine i(o).
8
Let n(z) be the second derivative of z**5/20 + 3*z**4/4 + z**3/2 - 3*z**2 - 180*z - 5. Give n(-9).
-33
Let k = -10220 - -10245. Let n(t) be the second derivative of -k*t + 0 - 1/2*t**2 + 5/12*t**4 + 1/20*t**5 - 1/6*t**3. Determine n(-5).
4
Let m(h) = h**2 - h + 2. Let f(p) = p**3 + 19*p**2 + 2*p + 46. Let a be f(-19). Let g = 11 - a. What is m(g)?
8
Let o(v) = -107*v**2 + 3*v + 34*v**2 - 105 + 102 + 77*v**2. Let p = -3 + 0. What is o(p)?
24
Suppose -1604*s + 1613*s - 18 = 0. Let l(g) be the first derivative of -g - 46 - 11/2*g**s. Determine l(1).
-12
Suppose r + 4*u - 4 = -3*r, -2*r = 4*u + 8. Let n(a) be the first derivative of -135 - 4*a + 1/4*a**4 + 4*a**2 - 7/3*a**3. Calculate n(r).
8
Let a(d) = 2*d**2 - 5*d + 5. Let w be a(2). Let u(m) = m - m**3 - 817246*m**2 + 817242*m**2 + 3*m**3 - 7. Calculate u(w).
14
Let s(j) = -26*j - 78*j + 105*j - j**2. Suppose -14 = -4*l - 5*h, 5*l + 2 = 3*l + 2*h. What is s(l)?
0
Let k(x) = x**3 + 2*x**2 + x + 16. Let c be 13/((-130)/(-100)) - 10. What is k(c)?
16
Let d(r) = -r**3 - 4*r**2 - 5*r - 3. Let n = -901 - -1691. Let s = -793 + n. Give d(s).
3
Suppose -5*j + 5*u - 10 = 0, 2*u + 6 = 3*j + 8. Let a(r) = -3 - 47*r - j*r**2 + 14*r + 28*r. What is a(-3)?
-6
Let p(d) = -31*d + 10*d + 0 + 9*d + 4 + 11*d. Let c(a) = -a**3 - 7*a**2 + 7*a - 3. Let f be c(-8). Determine p(f).
-1
Let z(t) be the second derivative of 0 - t + 0*t**3 - 5/2*t**2 - 1/20*t**5 - 1/12*t**4. Let d = 4165 + -4165. Calculate z(d).
-5
Let r(g) = -5 + 12*g - g**2 + 13*g - 76*g + 23*g + 17*g. Determine r(-11).
-5
Let v be -4 + (3 - 0 - 7) + -6. Let c(m) = -m**2 - 18*m - 59. Determine c(v).
-3
Let q(m) = -18*m + 1. Let f(h) = 110*h + 15. Let v(n) = f(n) + 6*q(n). Give v(-6).
9
Let d(s) be the first derivative of s**3/3 - 66*s**2 + 1547*s - 12285. What is d(13)?
0
Let r be (33/(-132) - (-2)/(-8))*0/(-3). Let d(h) = h**3 + h**2 + 36. Calculate d(r).
36
Let w(g) be the first derivative of -g**2/2 - 4*g + 7430. Let f(q) = -2*q + 3. Let n be f(4). Determine w(n).
1
Let t(i) = 2*i**2 + 4*i + 9. Let g(h) = -h**3 - 108*h**2 - 315*h. Let f be g(-105). What is t(f)?
9
Let d(q) be the second derivative of -q**5/20 - 7*q**4/12 - 2*q**3/3 + 2*q**2 - 39*q. Let f(v) = -6*v**2 + 4*v - 4. Let y be f(1). Give d(y).
-8
Let y be (-3)/(-4)*(-1288)/(-69). Let g be (56/(-12) + 4)*-9. Suppose 10*x - g = y. Let r(l) = -2*l + 2. Determine r(x).
-2
Let v(f) be the second derivative of -f**3/6 - f**2/2 - 13*f. Let l be 18*1 + -2 + 5. Let p be 7*1 - (l - 17). Determine v(p).
-4
Let d(r) = 7*r + 130. Let v be d(24). Let k = v + -295. Let z(u) = 4*u - 6. What is z(k)?
6
Let j(k) be the first derivative of 2*k**3 - 5*k**2/2 - 21*k + 90. Let s(r) = r**2 + r + 5. Let b(l) = j(l) + 4*s(l). What is b(1)?
8
Let x(i) = -1691 + 828 + 844 - i. What is x(11)?
-30
Suppose -4*c + 4 = 394*g - 390*g, 21 = g - 3*c. Let f(b) = -b**2 + b + 44. Give f(g).
14
Let u(o) be the first derivative of 8*o**3/3 - o**2/2 + o - 142490. Let f be 0 + 1 - 0 - 0. What is u(f)?
8
Suppose -5*n + 136 = 2*v, -531*n + 533*n = 4*v + 40. Let f(o) = o**3 - 25*o**2 - 28*o + 56. Calculate f(n).
4
Let b(y) be the first derivative of -y**3/3 - 29*y**2/2 - 63*y + 1245. What is b(-27)?
-9
Let p(u) be the first derivative of -1/2*u**2 + 1/3*u**3 + 33 - 1/4*u**4 - 8*u. Suppose 3*o - 12 = -3*r, 2*o - 2*r = 2*r - 16. Give p(o).
-8
Let g(v) = v**2 - 9*v - 4. Suppose 424 = -2*y - 2*b, -3*b + 8 = 17. Let n = -199 - y. Determine g(n).
6
Let n = 304 - 299. Let f(m) = -54 - 4*m**2 - m**3 - m**2 + n*m + 55. What is f(-6)?
7
Let o(v) = v**3 - 12*v**2 - 20*v - 8. Suppose -1091*s = -1071*s - 280. Determine o(s).
104
Suppose 82*l - 240 = 80*l. Suppose 7*o - l = -23*o. Let s(h) be the third derivative of -h**4/8 + 2*h**3/3 + h**2. What is s(o)?
-8
Let h(n) = -n**3 + 4*n**2 - 8*n - 7. Let b = -7 - -10. Let p(v) = -v**3 + 5*v**2 - 7*v - 7. Let j = -94 - -92. Let o(u) = b*p(u) + j*h(u). What is o(6)?
-1
Let z(p) = -3*p + 1. Let a(w) = 7*w - 3. Let u(t) = 10*t + 5. Let b be u(-1). Let g(m) = b*z(m) - 2*a(m). Calculate g(-4).
-3
Let n(d) = 7*d**2 + 8*d + 3. Let g(h) = 29*h**2 + 31*h + 13. Let j(t) = 2*g(t) - 9*n(t). Determine j(-4).
-41
Let j(z) = 5124*z + 5108*z + 180 - 10250*z. Determine j(10).
0
Suppose -14 - 16 = 5*v. Let b(c) = c**2 + 2*c + 7. Let h(l) = 7*l**2 + 14*l + 52. Let y(a) = -15*b(a) + 2*h(a). Determine y(v).
-25
Let f = -731 - -730. Let p(c) = c**3 + 4*c**2 + 2*c - 1. What is p(f)?
0
Let t = 3 + -2. Let i(b) = 101133*b - 33727*b - 33724*b - 2 - 33703*b. Give i(t).
-23
Let u = -477 - -478. Let h(a) = a. Let s(q) = 1. Let l(j) = j + 4. Let x(n) = l(n) - 5*s(n). Let b(v) = u*h(v) + 2*x(v). Give b(5).
13
Let k(g) = 0 + 15 - 4*g**2 - 2*g**2 - g**3 - 9 - 11. Give k(-6).
-5
Let c(l) = -l**3 + 2*l**2 + 1. Suppose -i + 3*g + 7 = 0, 0*i + 3 = 2*i + 5*g. Suppose 5*u - x + 6*x = -15, 0 = i*x + 20. Determine c(u).
1
Let d(l) = -116*l - 339. Let f(s) = 46*s**2 + 52*s + 3. Let k be f(-1). Give d(k).
9
Suppose -i = 3*f - 5 - 20, 0 = -2*i + 4*f - 10. Let q(r) = r**3 - 8*r**2 + 11*r - 10. Determine q(i).
18
Let f(y) = 10*y**2 - y + 1. Let v(m) = 14*m + 84. Let b be v(-6). Suppose b = -18*j + 120 - 102. Calculate f(j).
10
Suppose i = 5*q + 42, -2379 + 2421 = q + 4*i. Let c(v) be the second derivative of 7*v**3/6 - 2*v**2 - 3*v. Give c(q).
-46
Suppose -3*x = x + c + 17, -5*x + 2*c - 18 = 0. Let l be 321/21 + x/28*2. Let t(i) = 4 - 2*i + 4*i - l. Calculate t(8).
5
Let o(l) be the third derivative of l**6/360 - 2*l**5/15 + 97*l**4/12 - 228*l**2. Let h(v) be the second derivative of o(v). Give h(6).
-4
Suppose 2*m - 1 = -k, 2*m + 2*k - 4*k - 10 = 0. Let o(s) = 17 - 3*s**m - 12 + 2*s**2 + 7*s. What is o(7)?
5
Let v be ((-2)/(-2))/(1 + -2). Let w(d) be the second derivative of -13/6*d**3 + 46*d + 0 + 1/2*d**2. Calculate w(v).
14
Let b = 2694 + -2699. Let j(y) be the first derivative of -y**4/4 - 2*y**3 - 3*y**2/2 - 3*y + 8. Give j(b).
-13
Let s be ((-8)/(-24))/(1/96). Suppose 8 = -4*q + s. Let c(t) = 6*t**2 + 0*t - q*t + 8 + 3*t**3 - 2*t**3. Determine c(-7).
1
Let i(n) = -n + 2. Let y be i(-4). Let h(q) = -1 + 14*q - 89*q + 15*q - 1 + 11*q + 46*q. Calculate h(y).
-20
Let k(m) be the first derivative of 5/3*m**3 + 1/4*m**4 - 38 + m + m**2. Determine k(-2).
9
Suppose -4*g - 14809 + 14809 = 0. Let x(p) = p**3 + p**2 + 4*p - 9. What is x(g)?
-9
Let k = -504 + 510. Let t be -5 + 13/((-39)/k). Let q(h) = h + 1. Give q(t).
-6
Suppose b - 220 = -3*v, 639 = 3*b + v + v. Suppose 8 = 215*c - b*c. Let w(d) = 11*d - 1. Give w(c).
21
Let c(f) = f**2 + f - 4. Let v be c(2). Let j(w) = -w**2 + 6 + 0*w**v - 12 + w + 2 + 9 - w**3. What is j(0)?
5
Let n(w) = 388*w - 3861. Let i be n(10). Let x(s) = -s**2 + 31*s - 224. Determine x(i).
4
Let k(h) be the second derivative of h**3/6 + 39*h. Let j be 11 - (2 + 0)*2. Suppose -j*n + 36 = -n. Give k(n).
6
Let v(w) = -w**3 - 15*w**2 - 12*w + 1. Let p be (36/1)/9 + -18. Determine v(p).
-27
Let w(z) = -3*z**2 + 5*z. Let u(n) = 7*n**2 - 6*n - 26. Let v(p) = u(p) + 2*w(p). Give v(4).
6
Let n = 82174 - 82186. Let x(s) = -2*s + 3*s - 7 + 20. What is x(n)?
1
Suppose 0 = 3*f + 5*h - 4, 6*f - f - 20 = 5*h. Suppose 4*p - 6*p = c + 5, 5*p + 11 = -f*c. Let z(k) = -k - c - 2 + 10 + 5*k. Calculate z(-6).
-19
Let t(v) = -6*v + 3. Let g(j) = -3*j**2 + 16*j + 18. Let f(z) = -2*z**2 + 15*z + 18. Let u(l) = -4*f(l) + 3*g(l). Let d be u(-10). Give t(d).
-9
Let l(q) = -q**2 + 12*q - 30. Let d be l(8). Let u(k) = -11*k + 2 - 35*k**2 + 71*k**2 + d - 35*k**2. Give u(9).
-14
Let x(u) be the third derivative of -u**6/120 - u**5/5 - 11*u**4/24 - 5*u**3/3 - 7*u**2 + 34.